r(v) = -v**3 + 6*v**2 - 6*v + 7. Calculate the remainder when w is divided by r(u).
0
Let i = -119 + 690. Calculate the remainder when i is divided by 86.
55
Let i be 312/(-130)*(-15)/6. What is the remainder when (i + -4)*346/4 is divided by 7?
5
Let k(m) = m**2 - 35. Let i be k(-7). Suppose i*l - 21*l = -70. What is the remainder when 26/1 - (0 - 2) is divided by l?
8
Let b(p) = -41*p - 4427. Calculate the remainder when 440 is divided by b(-109).
20
Suppose -72 = -11*q - q. Calculate the remainder when (-4)/((13 - 9) + 28/(-6)) is divided by q.
0
Suppose c + c = -16. Calculate the remainder when 1005/12 + (-2)/c is divided by (-2 + (-126)/(-12))*2.
16
Let b(k) be the second derivative of k**4/6 + 5*k**3/3 + 35*k**2/2 - 13*k. Calculate the remainder when 240 is divided by b(-4).
24
Let u be ((-411)/6)/((-56)/(-16) + -3). Let k(m) = -30*m - 3. Let z be k(4). Let v = z - u. What is the remainder when 38 is divided by v?
10
Suppose -567 = -45*z + 42*z. What is the remainder when 68 is divided by 352/14 + (-27)/z?
18
Let y = 4 - 0. Let p(l) = 0*l**2 + 18*l - 20 - y*l**2 - l**3 - 5*l - 3*l**2. Calculate the remainder when p(-9) is divided by 10.
5
Suppose w - 1062 = -5*v, 3*w - 41*v - 3264 = -43*v. Calculate the remainder when w is divided by 544.
4
Let i be (816/20)/6 - 8/10. Suppose i*s = 10*s + 48. Let j(h) = -8*h - 32. What is the remainder when j(s) is divided by 13?
12
Suppose -4*w + 292 = -320. Calculate the remainder when w is divided by -8 - (-2 + (-44 - 2)).
33
Let x(w) = -95*w - 1306. What is the remainder when x(-16) is divided by 73?
68
Let p = 110 + -69. Suppose 0 = -38*k + p*k + 198. Let s = k - -106. What is the remainder when s is divided by 28?
12
Let w be (-1*2 - 0) + (-64)/(-8). Suppose 5*l + 2*j - 25 = w*j, -4*j = 4*l - 56. What is the remainder when 269 is divided by l?
8
Let d = -3473 + 7022. What is the remainder when d is divided by 67?
65
Let d(q) = 2*q**3 + 23*q**2 - 12*q + 12. Let b = -56 - -44. Suppose -1 - 137 = -3*v. Calculate the remainder when v is divided by d(b).
10
Suppose r + 52 = 14*r. Suppose -10*h - r*h = -308. What is the remainder when 366/(-9)*(-6)/4 is divided by h?
17
Let b = -11 - -20. Suppose b*z - 172 = 5*z. Suppose -3*p - p = -5*i + 866, i - p = 174. Calculate the remainder when i is divided by z.
41
Let s = -62 - -96. Suppose -32 - s = -3*v. Suppose -v + 67 = u. What is the remainder when u is divided by 13?
6
Suppose -2711 = 5*u - 63*u - 449. What is the remainder when 856 is divided by u?
37
Let u be 4 + 1 - 4/((-14)/7). Suppose -u*p + 101 - 17 = 0. What is the remainder when 130 is divided by p?
10
Suppose -11900*c = -11904*c + 124. What is the remainder when 7190 is divided by c?
29
Suppose 0 = -19*c - 16 + 54. Suppose 10 = -2*v, 3*v + 90 = x - c. Calculate the remainder when x is divided by 40.
37
Calculate the remainder when 10580/18 + 2/9 is divided by 197.
194
Let n = -916 + 647. Let y = 310 + n. Calculate the remainder when 200 is divided by y.
36
Let v = -172 - -151. Suppose 5*q + 0 - 5 = 0. What is the remainder when v/(-28) - (q - 290/8) is divided by 20?
16
Let p(q) = -q + 10. Let f be p(-8). Suppose -2*c = -8, 5*c - f - 66 = -2*i. What is the remainder when i is divided by 17?
15
Suppose 13431 = 3*f + 128*v - 125*v, -3*f = -3*v - 13443. Calculate the remainder when f is divided by 56.
55
Let b(f) = -f**2 + 16*f - 19. Let w be b(9). Suppose -58 - w = -i. Calculate the remainder when 304 is divided by i.
100
Let f(o) = -27*o - 45. Let j(s) = -7*s - 11. Let z be 3*(-6)/(-9)*(2 - 3). Let w(u) = z*f(u) + 9*j(u). What is the remainder when w(-2) is divided by 5?
4
Let j = 111 + -231. Suppose -2*y = -y + a - 8, -a = -y + 4. What is the remainder when (82/3)/((-16)/j*5) is divided by y?
5
Suppose -4*f - 2 = -2*f - x, f - 4*x = -8. Let b = -9 + 18. What is the remainder when 1/(4/160) - f is divided by b?
4
Suppose 31025 = -63*y - 11878. Let u = y + 782. Calculate the remainder when u is divided by 28.
17
Let p(y) = -1008*y**3 - 13*y - 12. What is the remainder when p(-1) is divided by 32?
17
Suppose -3*c = 57 + 249. Calculate the remainder when 44 is divided by (-1 - 2)*442/c.
5
What is the remainder when (-244688)/(-144) - 4*(-3)/(-54) is divided by 34?
33
Let t = 9567 - 8476. What is the remainder when t is divided by 2?
1
Suppose 3*n + 1 = -3*u - 2, -2*u = 4*n - 4. Suppose 2117 = 117*x - 3265. What is the remainder when x is divided by (2/3)/(u/(-72))?
10
Let m(k) = -20*k + 65. Let z be m(-8). Calculate the remainder when 136 is divided by 2 - z/(-12) - (-19)/76.
10
Suppose 3*d - 228 = -3*x, -45*x + 50*x - 2*d = 408. What is the remainder when x is divided by (-1)/(-1 - 240/(-246))?
39
Let v = 6277 - 6252. What is the remainder when v is divided by (69/(-6))/((-3)/6)?
2
Suppose y + 2*y + 2*w - 205 = 0, 5*y = 4*w + 305. Let k(f) = -5*f - 8. Let v = -49 + 44. What is the remainder when y is divided by k(v)?
14
Suppose 5*z - 100 = 160. Let h = 67 - 53. Suppose h = 2*l - z. What is the remainder when l is divided by 12?
9
Let l = -102 + 62. Let f = l + 65. Calculate the remainder when f is divided by 60/(-21)*(-35)/10.
5
Suppose -b + 12 = 5*b. Let d be b - (1 - (-15)/5). Calculate the remainder when 27 is divided by d/(27/15 + -2).
7
Let i(x) = -100*x + 100. Let f be i(-3). Let t = 551 - f. Calculate the remainder when t is divided by 6.
1
Calculate the remainder when 80 is divided by 8*2 + 77 + -63.
20
Suppose 5*f = 3*v - 15, -19*v + 18*v + 4*f + 5 = 0. Calculate the remainder when 38 is divided by 18 - 7 - (-4 + v).
8
Suppose 64*m - 68*m + 23592 = 4*y, 2*m + 3*y = 11799. Calculate the remainder when m is divided by 44.
43
Suppose -4*n - r + 3150 = 1251, -2*r - 1890 = -4*n. Calculate the remainder when 1899 is divided by n.
3
Suppose -6*r = -109 + 25. Let l(a) = -a + 19. Let y be l(r). Suppose -y*m = -2*d + 134, -5*m + 97 = 2*d - d. Calculate the remainder when d is divided by 20.
17
Suppose 0 = 4*k - 21*k + 459. Suppose 8 = -3*i + 4*i + 3*u, -4*u = 8. What is the remainder when k is divided by i?
13
Let y = 33 + -47. Let p be ((-89)/(-2))/((-21)/y - 2). Let x = 144 + p. Calculate the remainder when x is divided by 14.
13
Let m(t) = 2*t**3 + 3*t**2 - 6*t - 6. Let z be m(-4). Let c(d) = -158*d + 4765. What is the remainder when c(29) is divided by z/4*(3 + -5)?
28
Suppose 0 = -2*r + 2*p + 8 + 28, -3*r - 4*p = -75. Let c = 23 - r. Suppose 2*k + 8 = c*m - 2, -9 = -m - k. Calculate the remainder when 12 is divided by m.
5
Suppose 7*j + 48 = -4*r + 5*j, 4*r + j + 48 = 0. Let z be 0/3*3*(-2)/r. Suppose z = i + i - 18. What is the remainder when 22 is divided by i?
4
Let t be 2 + 2 + (1 - 2). Suppose -19*n + 610 = 42*n. Suppose 0 = -t*z + z + n. Calculate the remainder when 15 is divided by z.
0
Let k = 21537 - 20820. Calculate the remainder when k is divided by 48.
45
Suppose 5*p = 8*b - 112, -29 + 13 = -2*p. Suppose v - 20 = 70. What is the remainder when v is divided by b?
14
Let v(q) = q**3 + 3*q**2 - 8*q - 2. Let b be v(-3). What is the remainder when 40 is divided by (-5)/((-10)/b) - 4?
5
Suppose u = -2*a + 559, -4*u = 3*a - 563 - 263. Let l = 6586 - 6575. What is the remainder when a is divided by l?
7
Let m = 1199 + -385. Suppose 6*z - m = 134. Calculate the remainder when z is divided by 4.
2
Let a = -28 + 61. Suppose 2*v + 5*b = -2*v + 63, -3*b + a = 2*v. Suppose -2310 = 7611*u - 7653*u. What is the remainder when u is divided by v?
7
Let y(j) = -2*j**3 - 92*j**2 - 9*j + 140. Calculate the remainder when y(-46) is divided by 176.
26
Let m = 610 + -348. Let x = m + -182. Calculate the remainder when x is divided by 28.
24
Let q be (-1)/(3*(3 + 20/(-6))). Suppose 2*i = m + 86, -2*i + q + 101 = -5*m. Calculate the remainder when 84 is divided by i.
2
Let z(f) = f**3 + 2*f**2 + 2*f + 19. Let w = 31 - 27. Suppose -w*y + 2*i + 24 = -6, 2*i = 5*y - 35. What is the remainder when z(0) is divided by y?
4
Let a be (8/(-24))/((-1)/(-204)*-2). Suppose -3*z = 2*n - 35, 9 + a = 4*n - 3*z. Calculate the remainder when 45 is divided by n.
6
Let k(r) = -7*r + 9. Let g(t) = t**3 + 6*t**2 - 8*t - 19. Let o be g(-7). What is the remainder when k(o) is divided by 20?
13
Calculate the remainder when 155779/221 - -4*(-4)/(-136) is divided by 234.
3
Let d(t) = t**3 + 58*t**2 - 51*t + 486. Calculate the rema